{"id":35,"date":"2012-09-27T15:38:54","date_gmt":"2012-09-27T13:38:54","guid":{"rendered":"http:\/\/www.hobbyseiten.at\/singkreisthal\/?page_id=35"},"modified":"2024-03-15T21:27:31","modified_gmt":"2024-03-15T20:27:31","slug":"fotos","status":"publish","type":"page","link":"https:\/\/singkreisthal.hobbyseiten.at\/home\/fotos\/","title":{"rendered":"Fotos"},"content":{"rendered":"<p style=\"text-align: center;\">Fotos vom Benefizabend mit DI. Dr. Josef Riegler:<\/p>\n<p>\u00a0<a href=\"https:\/\/singkreisthal.hobbyseiten.at\/wp-content\/uploads\/12-2018-1.jpg\"><img loading=\"lazy\" decoding=\"async\" class=\"aligncenter size-full wp-image-5912\" src=\"https:\/\/singkreisthal.hobbyseiten.at\/wp-content\/uploads\/12-2018-1.jpg\" alt=\"\" width=\"800\" height=\"531\" srcset=\"https:\/\/singkreisthal.hobbyseiten.at\/wp-content\/uploads\/12-2018-1.jpg 800w, https:\/\/singkreisthal.hobbyseiten.at\/wp-content\/uploads\/12-2018-1-150x100.jpg 150w, https:\/\/singkreisthal.hobbyseiten.at\/wp-content\/uploads\/12-2018-1-300x199.jpg 300w, https:\/\/singkreisthal.hobbyseiten.at\/wp-content\/uploads\/12-2018-1-768x510.jpg 768w\" sizes=\"auto, (max-width: 800px) 100vw, 800px\" \/><\/a> <a href=\"https:\/\/singkreisthal.hobbyseiten.at\/wp-content\/uploads\/13-2018.jpg\"><img loading=\"lazy\" decoding=\"async\" class=\"aligncenter size-full wp-image-5913\" src=\"https:\/\/singkreisthal.hobbyseiten.at\/wp-content\/uploads\/13-2018.jpg\" alt=\"\" width=\"800\" height=\"513\" srcset=\"https:\/\/singkreisthal.hobbyseiten.at\/wp-content\/uploads\/13-2018.jpg 800w, https:\/\/singkreisthal.hobbyseiten.at\/wp-content\/uploads\/13-2018-150x96.jpg 150w, https:\/\/singkreisthal.hobbyseiten.at\/wp-content\/uploads\/13-2018-300x192.jpg 300w, https:\/\/singkreisthal.hobbyseiten.at\/wp-content\/uploads\/13-2018-768x492.jpg 768w\" sizes=\"auto, (max-width: 800px) 100vw, 800px\" \/><\/a> <a href=\"https:\/\/singkreisthal.hobbyseiten.at\/wp-content\/uploads\/14-2018.jpg\"><img loading=\"lazy\" decoding=\"async\" class=\"aligncenter size-full wp-image-5914\" src=\"https:\/\/singkreisthal.hobbyseiten.at\/wp-content\/uploads\/14-2018.jpg\" alt=\"\" width=\"800\" height=\"531\" srcset=\"https:\/\/singkreisthal.hobbyseiten.at\/wp-content\/uploads\/14-2018.jpg 800w, https:\/\/singkreisthal.hobbyseiten.at\/wp-content\/uploads\/14-2018-150x100.jpg 150w, https:\/\/singkreisthal.hobbyseiten.at\/wp-content\/uploads\/14-2018-300x199.jpg 300w, https:\/\/singkreisthal.hobbyseiten.at\/wp-content\/uploads\/14-2018-768x510.jpg 768w\" sizes=\"auto, (max-width: 800px) 100vw, 800px\" \/><\/a> <a href=\"https:\/\/singkreisthal.hobbyseiten.at\/wp-content\/uploads\/18-2018.jpg\"><img loading=\"lazy\" decoding=\"async\" class=\"aligncenter size-full wp-image-5915\" src=\"https:\/\/singkreisthal.hobbyseiten.at\/wp-content\/uploads\/18-2018.jpg\" alt=\"\" width=\"800\" height=\"531\" srcset=\"https:\/\/singkreisthal.hobbyseiten.at\/wp-content\/uploads\/18-2018.jpg 800w, https:\/\/singkreisthal.hobbyseiten.at\/wp-content\/uploads\/18-2018-150x100.jpg 150w, https:\/\/singkreisthal.hobbyseiten.at\/wp-content\/uploads\/18-2018-300x199.jpg 300w, https:\/\/singkreisthal.hobbyseiten.at\/wp-content\/uploads\/18-2018-768x510.jpg 768w\" sizes=\"auto, (max-width: 800px) 100vw, 800px\" \/><\/a><a href=\"https:\/\/singkreisthal.hobbyseiten.at\/wp-content\/uploads\/dT1hSFIwY0Rvdkx6TmpMV2R0ZUMxc2FYWmxMbk5sY25abGNpNXNZVzR2YldGcGJDOWpiR2xsYm5RdmFXNTBaWEp1WVd3dllYUjBZV05vYldWdWRDOWtiM2R1Ykc5aFpDOTBZWFIwTUY4MkxTM^6-2018HRkRzFoYVRFMU1qUmpOMlU1TkdWbE5qVXpOekU3YW5.jpg\"><img loading=\"lazy\" decoding=\"async\" class=\"aligncenter size-full wp-image-5911\" src=\"https:\/\/singkreisthal.hobbyseiten.at\/wp-content\/uploads\/dT1hSFIwY0Rvdkx6TmpMV2R0ZUMxc2FYWmxMbk5sY25abGNpNXNZVzR2YldGcGJDOWpiR2xsYm5RdmFXNTBaWEp1WVd3dllYUjBZV05vYldWdWRDOWtiM2R1Ykc5aFpDOTBZWFIwTUY4MkxTM^6-2018HRkRzFoYVRFMU1qUmpOMlU1TkdWbE5qVXpOekU3YW5.jpg\" alt=\"\" width=\"800\" height=\"531\" srcset=\"https:\/\/singkreisthal.hobbyseiten.at\/wp-content\/uploads\/dT1hSFIwY0Rvdkx6TmpMV2R0ZUMxc2FYWmxMbk5sY25abGNpNXNZVzR2YldGcGJDOWpiR2xsYm5RdmFXNTBaWEp1WVd3dllYUjBZV05vYldWdWRDOWtiM2R1Ykc5aFpDOTBZWFIwTUY4MkxTM^6-2018HRkRzFoYVRFMU1qUmpOMlU1TkdWbE5qVXpOekU3YW5.jpg 800w, https:\/\/singkreisthal.hobbyseiten.at\/wp-content\/uploads\/dT1hSFIwY0Rvdkx6TmpMV2R0ZUMxc2FYWmxMbk5sY25abGNpNXNZVzR2YldGcGJDOWpiR2xsYm5RdmFXNTBaWEp1WVd3dllYUjBZV05vYldWdWRDOWtiM2R1Ykc5aFpDOTBZWFIwTUY4MkxTM^6-2018HRkRzFoYVRFMU1qUmpOMlU1TkdWbE5qVXpOekU3YW5-150x100.jpg 150w, https:\/\/singkreisthal.hobbyseiten.at\/wp-content\/uploads\/dT1hSFIwY0Rvdkx6TmpMV2R0ZUMxc2FYWmxMbk5sY25abGNpNXNZVzR2YldGcGJDOWpiR2xsYm5RdmFXNTBaWEp1WVd3dllYUjBZV05vYldWdWRDOWtiM2R1Ykc5aFpDOTBZWFIwTUY4MkxTM^6-2018HRkRzFoYVRFMU1qUmpOMlU1TkdWbE5qVXpOekU3YW5-300x199.jpg 300w, https:\/\/singkreisthal.hobbyseiten.at\/wp-content\/uploads\/dT1hSFIwY0Rvdkx6TmpMV2R0ZUMxc2FYWmxMbk5sY25abGNpNXNZVzR2YldGcGJDOWpiR2xsYm5RdmFXNTBaWEp1WVd3dllYUjBZV05vYldWdWRDOWtiM2R1Ykc5aFpDOTBZWFIwTUY4MkxTM^6-2018HRkRzFoYVRFMU1qUmpOMlU1TkdWbE5qVXpOekU3YW5-768x510.jpg 768w\" sizes=\"auto, (max-width: 800px) 100vw, 800px\" \/><\/a><\/p>\n<p style=\"text-align: center;\">Fotos vom Palmsonntag 2018:<\/p>\n<p>\u00a0<a href=\"https:\/\/singkreisthal.hobbyseiten.at\/wp-content\/uploads\/06-2018.jpg\"><img loading=\"lazy\" decoding=\"async\" class=\"aligncenter size-full wp-image-5909\" src=\"https:\/\/singkreisthal.hobbyseiten.at\/wp-content\/uploads\/06-2018.jpg\" alt=\"\" width=\"3456\" height=\"2304\" srcset=\"https:\/\/singkreisthal.hobbyseiten.at\/wp-content\/uploads\/06-2018.jpg 3456w, https:\/\/singkreisthal.hobbyseiten.at\/wp-content\/uploads\/06-2018-150x100.jpg 150w, https:\/\/singkreisthal.hobbyseiten.at\/wp-content\/uploads\/06-2018-300x200.jpg 300w, https:\/\/singkreisthal.hobbyseiten.at\/wp-content\/uploads\/06-2018-768x512.jpg 768w, https:\/\/singkreisthal.hobbyseiten.at\/wp-content\/uploads\/06-2018-1024x683.jpg 1024w\" sizes=\"auto, (max-width: 3456px) 100vw, 3456px\" \/><\/a> <a href=\"https:\/\/singkreisthal.hobbyseiten.at\/wp-content\/uploads\/08-2018.jpg\"><img loading=\"lazy\" decoding=\"async\" class=\"aligncenter size-full wp-image-5910\" src=\"https:\/\/singkreisthal.hobbyseiten.at\/wp-content\/uploads\/08-2018.jpg\" alt=\"\" width=\"3456\" height=\"2304\" srcset=\"https:\/\/singkreisthal.hobbyseiten.at\/wp-content\/uploads\/08-2018.jpg 3456w, https:\/\/singkreisthal.hobbyseiten.at\/wp-content\/uploads\/08-2018-150x100.jpg 150w, https:\/\/singkreisthal.hobbyseiten.at\/wp-content\/uploads\/08-2018-300x200.jpg 300w, https:\/\/singkreisthal.hobbyseiten.at\/wp-content\/uploads\/08-2018-768x512.jpg 768w, https:\/\/singkreisthal.hobbyseiten.at\/wp-content\/uploads\/08-2018-1024x683.jpg 1024w\" sizes=\"auto, (max-width: 3456px) 100vw, 3456px\" \/><\/a><\/p>\n<p style=\"text-align: center;\"><a href=\"https:\/\/singkreisthal.hobbyseiten.at\/unser-jubilaeumskonzert-vom-1-6-2012\/\">Fotos vom Jubil\u00e4umskonzert 2012<\/a><\/p>\n<p style=\"text-align: center;\"><a href=\"https:\/\/singkreisthal.hobbyseiten.at\/oberwoelz\/\">Bericht vom Ausflug nach Oberw\u00f6lz 2012<\/a><\/p>\n<p style=\"text-align: center;\">(Fr\u00fchlingskonzert in der LFS Grottenhof-Hardt vom 27.05.2011)<\/p>\n<p style=\"text-align: center;\"><a href=\"http:\/\/www.hobbyseiten.at\/singkreisthal\/wp-content\/uploads\/IMG_0645-kleiner.jpg\"><img loading=\"lazy\" decoding=\"async\" class=\"alignnone size-full wp-image-686\" title=\"IMG_0645 kleiner\" src=\"http:\/\/www.hobbyseiten.at\/singkreisthal\/wp-content\/uploads\/IMG_0645-kleiner.jpg\" alt=\"\" width=\"1280\" height=\"853\" srcset=\"https:\/\/singkreisthal.hobbyseiten.at\/wp-content\/uploads\/IMG_0645-kleiner.jpg 1280w, https:\/\/singkreisthal.hobbyseiten.at\/wp-content\/uploads\/IMG_0645-kleiner-300x199.jpg 300w, https:\/\/singkreisthal.hobbyseiten.at\/wp-content\/uploads\/IMG_0645-kleiner-1024x682.jpg 1024w\" sizes=\"auto, (max-width: 1280px) 100vw, 1280px\" \/><\/a><br \/>\n<span style=\"text-decoration: underline;\">&#8212;&#8212;&#8212;&#8212;&#8212;&#8212;&#8212;&#8212;&#8212;&#8212;&#8212;&#8212;&#8212;&#8212;&#8212;&#8212;&#8212;&#8212;&#8212;&#8212;&#8212;&#8212;&#8212;&#8212;&#8212;&#8212;&#8212;&#8212;&#8212;&#8212;&#8212;&#8212;&#8212;&#8212;&#8212;&#8212;&#8212;&#8212;&#8212;&#8212;&#8212;-<\/span><\/p>\n<p style=\"text-align: center;\">(Konzert vom 17.12.2011 am Schlo\u00dfbergplatz in Graz &#8211; &#8222;Steirer helfen Steirern&#8220;)<\/p>\n<p style=\"text-align: center;\"><a href=\"http:\/\/www.hobbyseiten.at\/singkreisthal\/wp-content\/uploads\/111217-Skt-am-Schlo\u00dfbergplatz-2.jpg\"><img loading=\"lazy\" decoding=\"async\" class=\"alignnone size-full wp-image-688\" title=\"111217 Skt am Schlo\u00dfbergplatz 2\" src=\"http:\/\/www.hobbyseiten.at\/singkreisthal\/wp-content\/uploads\/111217-Skt-am-Schlo\u00dfbergplatz-2.jpg\" alt=\"\" width=\"2244\" height=\"1424\" srcset=\"https:\/\/singkreisthal.hobbyseiten.at\/wp-content\/uploads\/111217-Skt-am-Schlo\u00dfbergplatz-2.jpg 2244w, https:\/\/singkreisthal.hobbyseiten.at\/wp-content\/uploads\/111217-Skt-am-Schlo\u00dfbergplatz-2-300x190.jpg 300w, https:\/\/singkreisthal.hobbyseiten.at\/wp-content\/uploads\/111217-Skt-am-Schlo\u00dfbergplatz-2-1024x649.jpg 1024w\" sizes=\"auto, (max-width: 2244px) 100vw, 2244px\" \/><\/a><br \/>\n&#8212;&#8212;&#8212;&#8212;&#8212;&#8212;&#8212;&#8212;&#8212;&#8212;&#8212;&#8212;&#8212;&#8212;&#8212;&#8212;&#8212;&#8212;&#8212;&#8212;&#8212;&#8212;&#8212;&#8212;&#8212;&#8212;&#8212;&#8212;&#8212;&#8212;&#8212;&#8212;&#8212;&#8212;&#8212;&#8212;&#8212;&#8212;&#8212;&#8212;&#8212;-<\/p>\n<p style=\"text-align: center;\">(Mit Bischof Weber in der Jakobi-Kirche in Thal, 16. April 2010)<\/p>\n<p style=\"text-align: center;\"><a href=\"http:\/\/www.hobbyseiten.at\/singkreisthal\/wp-content\/uploads\/Singkreis-Thal-mit-Bischof-Weber-16.04.10.jpg\"><img loading=\"lazy\" decoding=\"async\" class=\"alignnone size-full wp-image-689\" title=\"Singkreis Thal mit Bischof Weber 16.04.10\" src=\"http:\/\/www.hobbyseiten.at\/singkreisthal\/wp-content\/uploads\/Singkreis-Thal-mit-Bischof-Weber-16.04.10.jpg\" alt=\"\" width=\"543\" height=\"362\" srcset=\"https:\/\/singkreisthal.hobbyseiten.at\/wp-content\/uploads\/Singkreis-Thal-mit-Bischof-Weber-16.04.10.jpg 543w, https:\/\/singkreisthal.hobbyseiten.at\/wp-content\/uploads\/Singkreis-Thal-mit-Bischof-Weber-16.04.10-300x200.jpg 300w\" sizes=\"auto, (max-width: 543px) 100vw, 543px\" \/><\/a><\/p>\n<p style=\"text-align: center;\">&#8212;&#8212;&#8212;&#8212;&#8212;&#8212;&#8212;&#8212;&#8212;&#8212;&#8212;&#8212;&#8212;&#8212;&#8212;&#8212;&#8212;&#8212;&#8212;&#8212;&#8212;&#8212;&#8212;&#8212;&#8212;&#8212;&#8212;&#8212;&#8212;&#8212;&#8212;&#8212;&#8212;&#8212;&#8212;&#8212;&#8212;&#8212;&#8212;&#8212;&#8212;-<\/p>\n<p style=\"text-align: center;\">(Fr\u00fchlingskonzert in der LFS Grottenhof-Hardt vom 29.05.2010)<\/p>\n<p style=\"text-align: center;\"><a href=\"http:\/\/www.hobbyseiten.at\/singkreisthal\/wp-content\/uploads\/SKT-Fr\u00fchlingskonzert29.05.10-6k.jpg\"><img loading=\"lazy\" decoding=\"async\" class=\"alignnone size-full wp-image-690\" title=\"SKT Fr\u00fchlingskonzert29.05.10 6k\" src=\"http:\/\/www.hobbyseiten.at\/singkreisthal\/wp-content\/uploads\/SKT-Fr\u00fchlingskonzert29.05.10-6k.jpg\" alt=\"\" width=\"1717\" height=\"1149\" srcset=\"https:\/\/singkreisthal.hobbyseiten.at\/wp-content\/uploads\/SKT-Fr\u00fchlingskonzert29.05.10-6k.jpg 1717w, https:\/\/singkreisthal.hobbyseiten.at\/wp-content\/uploads\/SKT-Fr\u00fchlingskonzert29.05.10-6k-300x200.jpg 300w, https:\/\/singkreisthal.hobbyseiten.at\/wp-content\/uploads\/SKT-Fr\u00fchlingskonzert29.05.10-6k-1024x685.jpg 1024w\" sizes=\"auto, (max-width: 1717px) 100vw, 1717px\" \/><\/a><br \/>\n&#8212;&#8212;&#8212;&#8212;&#8212;&#8212;&#8212;&#8212;&#8212;&#8212;&#8212;&#8212;&#8212;&#8212;&#8212;&#8212;&#8212;&#8212;&#8212;&#8212;&#8212;&#8212;&#8212;&#8212;&#8212;&#8212;&#8212;&#8212;&#8212;&#8212;&#8212;&#8212;&#8212;&#8212;&#8212;&#8212;&#8212;&#8212;&#8212;&#8212;&#8212;-<\/p>\n<p style=\"text-align: center;\">Vor der Pfarrkirche Thal<\/p>\n<p style=\"text-align: center;\"><a href=\"http:\/\/www.hobbyseiten.at\/singkreisthal\/wp-content\/uploads\/Chor-fertig-klein.jpg\"><img loading=\"lazy\" decoding=\"async\" class=\"alignnone size-full wp-image-691\" title=\"Chor fertig klein\" src=\"http:\/\/www.hobbyseiten.at\/singkreisthal\/wp-content\/uploads\/Chor-fertig-klein.jpg\" alt=\"\" width=\"1024\" height=\"771\" srcset=\"https:\/\/singkreisthal.hobbyseiten.at\/wp-content\/uploads\/Chor-fertig-klein.jpg 1024w, https:\/\/singkreisthal.hobbyseiten.at\/wp-content\/uploads\/Chor-fertig-klein-300x225.jpg 300w\" sizes=\"auto, (max-width: 1024px) 100vw, 1024px\" \/><\/a><br \/>\n&#8212;&#8212;&#8212;&#8212;&#8212;&#8212;&#8212;&#8212;&#8212;&#8212;&#8212;&#8212;&#8212;&#8212;&#8212;&#8212;&#8212;&#8212;&#8212;&#8212;&#8212;&#8212;&#8212;&#8212;&#8212;&#8212;&#8212;&#8212;&#8212;&#8212;&#8212;&#8212;&#8212;&#8212;&#8212;&#8212;&#8212;&#8212;&#8212;&#8212;&#8212;-<\/p>\n<p style=\"text-align: center;\">Chor-Ausflug nach Hallein (1985)<\/p>\n<p><a href=\"http:\/\/www.hobbyseiten.at\/singkreisthal\/wp-content\/uploads\/1985-Ausflug-nach-Hallein1.jpg\"><img loading=\"lazy\" decoding=\"async\" class=\"alignnone size-full wp-image-692\" title=\"1985 Ausflug nach Hallein\" src=\"http:\/\/www.hobbyseiten.at\/singkreisthal\/wp-content\/uploads\/1985-Ausflug-nach-Hallein1.jpg\" alt=\"\" width=\"2076\" height=\"1488\" srcset=\"https:\/\/singkreisthal.hobbyseiten.at\/wp-content\/uploads\/1985-Ausflug-nach-Hallein1.jpg 2076w, https:\/\/singkreisthal.hobbyseiten.at\/wp-content\/uploads\/1985-Ausflug-nach-Hallein1-300x215.jpg 300w, https:\/\/singkreisthal.hobbyseiten.at\/wp-content\/uploads\/1985-Ausflug-nach-Hallein1-1024x733.jpg 1024w\" sizes=\"auto, (max-width: 2076px) 100vw, 2076px\" \/><\/a><br \/>\n&#8212;&#8212;&#8212;&#8212;&#8212;&#8212;&#8212;&#8212;&#8212;&#8212;&#8212;&#8212;&#8212;&#8212;&#8212;&#8212;&#8212;&#8212;&#8212;&#8212;&#8212;&#8212;&#8212;&#8212;&#8212;&#8212;&#8212;&#8212;&#8212;&#8212;&#8212;&#8212;&#8212;&#8212;&#8212;&#8212;&#8212;&#8212;&#8212;&#8212;&#8212;-<\/p>\n<p style=\"text-align: center;\">Konzert (1994)<\/p>\n<p style=\"text-align: center;\"><a href=\"http:\/\/www.hobbyseiten.at\/singkreisthal\/wp-content\/uploads\/19941.jpg\"><img loading=\"lazy\" decoding=\"async\" class=\"alignnone size-full wp-image-693\" title=\"1994\" src=\"http:\/\/www.hobbyseiten.at\/singkreisthal\/wp-content\/uploads\/19941.jpg\" alt=\"\" width=\"1722\" height=\"1080\" srcset=\"https:\/\/singkreisthal.hobbyseiten.at\/wp-content\/uploads\/19941.jpg 1722w, https:\/\/singkreisthal.hobbyseiten.at\/wp-content\/uploads\/19941-300x188.jpg 300w, https:\/\/singkreisthal.hobbyseiten.at\/wp-content\/uploads\/19941-1024x642.jpg 1024w\" sizes=\"auto, (max-width: 1722px) 100vw, 1722px\" \/><\/a><\/p>\n<p>&#8212;&#8212;&#8212;&#8212;&#8212;&#8212;&#8212;&#8212;&#8212;&#8212;&#8212;&#8212;&#8212;&#8212;&#8212;&#8212;&#8212;&#8212;&#8212;&#8212;&#8212;&#8212;&#8212;&#8212;&#8212;&#8212;&#8212;&#8212;&#8212;&#8212;&#8212;&#8212;&#8212;&#8212;&#8212;&#8212;&#8212;&#8212;&#8212;&#8212;&#8212;-<\/p>\n<p style=\"text-align: center;\">Konzert (1995)<\/p>\n<p style=\"text-align: center;\"><a href=\"http:\/\/www.hobbyseiten.at\/singkreisthal\/wp-content\/uploads\/19951.jpg\"><img loading=\"lazy\" decoding=\"async\" class=\"alignnone size-full wp-image-694\" title=\"1995\" src=\"http:\/\/www.hobbyseiten.at\/singkreisthal\/wp-content\/uploads\/19951.jpg\" alt=\"\" width=\"1494\" height=\"930\" srcset=\"https:\/\/singkreisthal.hobbyseiten.at\/wp-content\/uploads\/19951.jpg 1494w, https:\/\/singkreisthal.hobbyseiten.at\/wp-content\/uploads\/19951-300x186.jpg 300w, https:\/\/singkreisthal.hobbyseiten.at\/wp-content\/uploads\/19951-1024x637.jpg 1024w\" sizes=\"auto, (max-width: 1494px) 100vw, 1494px\" \/><\/a><br \/>\n&#8212;&#8212;&#8212;&#8212;&#8212;&#8212;&#8212;&#8212;&#8212;&#8212;&#8212;&#8212;&#8212;&#8212;&#8212;&#8212;&#8212;&#8212;&#8212;&#8212;&#8212;&#8212;&#8212;&#8212;&#8212;&#8212;&#8212;&#8212;&#8212;&#8212;&#8212;&#8212;&#8212;&#8212;&#8212;&#8212;&#8212;&#8212;&#8212;&#8212;&#8212;-<\/p>\n<p style=\"text-align: center;\">Im Tonstudio (1997)<\/p>\n<p style=\"text-align: center;\"><a href=\"http:\/\/www.hobbyseiten.at\/singkreisthal\/wp-content\/uploads\/1997-im-Tonstudio1.jpg\"><img loading=\"lazy\" decoding=\"async\" class=\"alignnone size-full wp-image-695\" title=\"1997 im Tonstudio\" src=\"http:\/\/www.hobbyseiten.at\/singkreisthal\/wp-content\/uploads\/1997-im-Tonstudio1.jpg\" alt=\"\" width=\"1494\" height=\"942\" srcset=\"https:\/\/singkreisthal.hobbyseiten.at\/wp-content\/uploads\/1997-im-Tonstudio1.jpg 1494w, https:\/\/singkreisthal.hobbyseiten.at\/wp-content\/uploads\/1997-im-Tonstudio1-300x189.jpg 300w, https:\/\/singkreisthal.hobbyseiten.at\/wp-content\/uploads\/1997-im-Tonstudio1-1024x645.jpg 1024w\" sizes=\"auto, (max-width: 1494px) 100vw, 1494px\" \/><\/a><br \/>\n&#8212;&#8212;&#8212;&#8212;&#8212;&#8212;&#8212;&#8212;&#8212;&#8212;&#8212;&#8212;&#8212;&#8212;&#8212;&#8212;&#8212;&#8212;&#8212;&#8212;&#8212;&#8212;&#8212;&#8212;&#8212;&#8212;&#8212;&#8212;&#8212;&#8212;&#8212;&#8212;&#8212;&#8212;&#8212;&#8212;&#8212;&#8212;&#8212;&#8212;&#8212;-<\/p>\n<p style=\"text-align: center;\">Ganz schick fotografiert (1997)<\/p>\n<p><a href=\"http:\/\/www.hobbyseiten.at\/singkreisthal\/wp-content\/uploads\/19971.jpg\"><img loading=\"lazy\" decoding=\"async\" class=\"alignnone size-full wp-image-696\" title=\"1997\" src=\"http:\/\/www.hobbyseiten.at\/singkreisthal\/wp-content\/uploads\/19971.jpg\" alt=\"\" width=\"2040\" height=\"1392\" srcset=\"https:\/\/singkreisthal.hobbyseiten.at\/wp-content\/uploads\/19971.jpg 2040w, https:\/\/singkreisthal.hobbyseiten.at\/wp-content\/uploads\/19971-300x204.jpg 300w, https:\/\/singkreisthal.hobbyseiten.at\/wp-content\/uploads\/19971-1024x698.jpg 1024w\" sizes=\"auto, (max-width: 2040px) 100vw, 2040px\" \/><\/a><br \/>\n&#8212;&#8212;&#8212;&#8212;&#8212;&#8212;&#8212;&#8212;&#8212;&#8212;&#8212;&#8212;&#8212;&#8212;&#8212;&#8212;&#8212;&#8212;&#8212;&#8212;&#8212;&#8212;&#8212;&#8212;&#8212;&#8212;&#8212;&#8212;&#8212;&#8212;&#8212;&#8212;&#8212;&#8212;&#8212;&#8212;&#8212;&#8212;&#8212;&#8212;&#8212;-<\/p>\n<p style=\"text-align: center;\">Konzert (2003)<\/p>\n<p><a href=\"http:\/\/www.hobbyseiten.at\/singkreisthal\/wp-content\/uploads\/20031.jpg\"><img loading=\"lazy\" decoding=\"async\" class=\"alignnone size-full wp-image-697\" title=\"2003\" src=\"http:\/\/www.hobbyseiten.at\/singkreisthal\/wp-content\/uploads\/20031.jpg\" alt=\"\" width=\"1710\" height=\"1080\" srcset=\"https:\/\/singkreisthal.hobbyseiten.at\/wp-content\/uploads\/20031.jpg 1710w, https:\/\/singkreisthal.hobbyseiten.at\/wp-content\/uploads\/20031-300x189.jpg 300w, https:\/\/singkreisthal.hobbyseiten.at\/wp-content\/uploads\/20031-1024x646.jpg 1024w\" sizes=\"auto, (max-width: 1710px) 100vw, 1710px\" \/><\/a><br \/>\n&#8212;&#8212;&#8212;&#8212;&#8212;&#8212;&#8212;&#8212;&#8212;&#8212;&#8212;&#8212;&#8212;&#8212;&#8212;&#8212;&#8212;&#8212;&#8212;&#8212;&#8212;&#8212;&#8212;&#8212;&#8212;&#8212;&#8212;&#8212;&#8212;&#8212;&#8212;&#8212;&#8212;&#8212;&#8212;&#8212;&#8212;&#8212;&#8212;&#8212;&#8212;-<\/p>\n<p style=\"text-align: center;\">Ausflug (2004)<\/p>\n<p><a href=\"http:\/\/www.hobbyseiten.at\/singkreisthal\/wp-content\/uploads\/2004-ausflug1.jpg\"><img loading=\"lazy\" decoding=\"async\" class=\"alignnone size-full wp-image-698\" title=\"2004 ausflug\" src=\"http:\/\/www.hobbyseiten.at\/singkreisthal\/wp-content\/uploads\/2004-ausflug1.jpg\" alt=\"\" width=\"2034\" height=\"2278\" srcset=\"https:\/\/singkreisthal.hobbyseiten.at\/wp-content\/uploads\/2004-ausflug1.jpg 2034w, https:\/\/singkreisthal.hobbyseiten.at\/wp-content\/uploads\/2004-ausflug1-267x300.jpg 267w, https:\/\/singkreisthal.hobbyseiten.at\/wp-content\/uploads\/2004-ausflug1-914x1024.jpg 914w\" sizes=\"auto, (max-width: 2034px) 100vw, 2034px\" \/><\/a><br \/>\n&#8212;&#8212;&#8212;&#8212;&#8212;&#8212;&#8212;&#8212;&#8212;&#8212;&#8212;&#8212;&#8212;&#8212;&#8212;&#8212;&#8212;&#8212;&#8212;&#8212;&#8212;&#8212;&#8212;&#8212;&#8212;&#8212;&#8212;&#8212;&#8212;&#8212;&#8212;&#8212;&#8212;&#8212;&#8212;&#8212;&#8212;&#8212;&#8212;&#8212;&#8212;-<\/p>\n<p style=\"text-align: center;\">Konzert (2005)<\/p>\n<p><a href=\"http:\/\/www.hobbyseiten.at\/singkreisthal\/wp-content\/uploads\/20051.jpg\"><img loading=\"lazy\" decoding=\"async\" class=\"alignnone size-full wp-image-699\" title=\"2005\" src=\"http:\/\/www.hobbyseiten.at\/singkreisthal\/wp-content\/uploads\/20051.jpg\" alt=\"\" width=\"610\" height=\"457\" srcset=\"https:\/\/singkreisthal.hobbyseiten.at\/wp-content\/uploads\/20051.jpg 610w, https:\/\/singkreisthal.hobbyseiten.at\/wp-content\/uploads\/20051-300x224.jpg 300w\" sizes=\"auto, (max-width: 610px) 100vw, 610px\" \/><\/a><br \/>\n&#8212;&#8212;&#8212;&#8212;&#8212;&#8212;&#8212;&#8212;&#8212;&#8212;&#8212;&#8212;&#8212;&#8212;&#8212;&#8212;&#8212;&#8212;&#8212;&#8212;&#8212;&#8212;&#8212;&#8212;&#8212;&#8212;&#8212;&#8212;&#8212;&#8212;&#8212;&#8212;&#8212;&#8212;&#8212;&#8212;&#8212;&#8212;&#8212;&#8212;&#8212;-<\/p>\n<p style=\"text-align: center;\">Konzert (2006)<\/p>\n<p><a href=\"http:\/\/www.hobbyseiten.at\/singkreisthal\/wp-content\/uploads\/2006-klein.jpg\"><img loading=\"lazy\" decoding=\"async\" class=\"alignnone size-full wp-image-707\" title=\"2006 klein\" src=\"http:\/\/www.hobbyseiten.at\/singkreisthal\/wp-content\/uploads\/2006-klein.jpg\" alt=\"\" width=\"640\" height=\"427\" srcset=\"https:\/\/singkreisthal.hobbyseiten.at\/wp-content\/uploads\/2006-klein.jpg 640w, https:\/\/singkreisthal.hobbyseiten.at\/wp-content\/uploads\/2006-klein-300x200.jpg 300w\" sizes=\"auto, (max-width: 640px) 100vw, 640px\" \/><\/a><br \/>\n&#8212;&#8212;&#8212;&#8212;&#8212;&#8212;&#8212;&#8212;&#8212;&#8212;&#8212;&#8212;&#8212;&#8212;&#8212;&#8212;&#8212;&#8212;&#8212;&#8212;&#8212;&#8212;&#8212;&#8212;&#8212;&#8212;&#8212;&#8212;&#8212;&#8212;&#8212;&#8212;&#8212;&#8212;&#8212;&#8212;&#8212;&#8212;&#8212;&#8212;&#8212;-<\/p>\n<p style=\"text-align: center;\">Ausflug (2010)<\/p>\n<p style=\"text-align: center;\"><a href=\"http:\/\/www.hobbyseiten.at\/singkreisthal\/wp-content\/uploads\/2010-ausflug1.jpg\"><img loading=\"lazy\" decoding=\"async\" class=\"alignnone size-full wp-image-704\" title=\"2010 ausflug\" src=\"http:\/\/www.hobbyseiten.at\/singkreisthal\/wp-content\/uploads\/2010-ausflug1.jpg\" alt=\"\" width=\"1848\" height=\"1238\" srcset=\"https:\/\/singkreisthal.hobbyseiten.at\/wp-content\/uploads\/2010-ausflug1.jpg 1848w, https:\/\/singkreisthal.hobbyseiten.at\/wp-content\/uploads\/2010-ausflug1-300x200.jpg 300w, https:\/\/singkreisthal.hobbyseiten.at\/wp-content\/uploads\/2010-ausflug1-1024x685.jpg 1024w\" sizes=\"auto, (max-width: 1848px) 100vw, 1848px\" \/><\/a><\/p>\n<p>&nbsp;<\/p>\n<p>&nbsp;<\/p>\n","protected":false},"excerpt":{"rendered":"<p>Fotos vom Benefizabend mit DI. Dr. Josef Riegler: \u00a0 Fotos vom Palmsonntag 2018: \u00a0 Fotos vom Jubil\u00e4umskonzert 2012 Bericht vom Ausflug nach Oberw\u00f6lz 2012 (Fr\u00fchlingskonzert in der LFS Grottenhof-Hardt vom 27.05.2011) &#8212;&#8212;&#8212;&#8212;&#8212;&#8212;&#8212;&#8212;&#8212;&#8212;&#8212;&#8212;&#8212;&#8212;&#8212;&#8212;&#8212;&#8212;&#8212;&#8212;&#8212;&#8212;&#8212;&#8212;&#8212;&#8212;&#8212;&#8212;&#8212;&#8212;&#8212;&#8212;&#8212;&#8212;&#8212;&#8212;&#8212;&#8212;&#8212;&#8212;&#8212;- (Konzert vom 17.12.2011 am Schlo\u00dfbergplatz in Graz &#8211; &hellip; <a href=\"https:\/\/singkreisthal.hobbyseiten.at\/home\/fotos\/\">Weiterlesen <span class=\"meta-nav\">&rarr;<\/span><\/a><\/p>\n","protected":false},"author":11,"featured_media":0,"parent":0,"menu_order":0,"comment_status":"closed","ping_status":"closed","template":"","meta":{"footnotes":""},"class_list":["post-35","page","type-page","status-publish","hentry"],"_links":{"self":[{"href":"https:\/\/singkreisthal.hobbyseiten.at\/home\/wp-json\/wp\/v2\/pages\/35","targetHints":{"allow":["GET"]}}],"collection":[{"href":"https:\/\/singkreisthal.hobbyseiten.at\/home\/wp-json\/wp\/v2\/pages"}],"about":[{"href":"https:\/\/singkreisthal.hobbyseiten.at\/home\/wp-json\/wp\/v2\/types\/page"}],"author":[{"embeddable":true,"href":"https:\/\/singkreisthal.hobbyseiten.at\/home\/wp-json\/wp\/v2\/users\/11"}],"replies":[{"embeddable":true,"href":"https:\/\/singkreisthal.hobbyseiten.at\/home\/wp-json\/wp\/v2\/comments?post=35"}],"version-history":[{"count":16,"href":"https:\/\/singkreisthal.hobbyseiten.at\/home\/wp-json\/wp\/v2\/pages\/35\/revisions"}],"predecessor-version":[{"id":5917,"href":"https:\/\/singkreisthal.hobbyseiten.at\/home\/wp-json\/wp\/v2\/pages\/35\/revisions\/5917"}],"wp:attachment":[{"href":"https:\/\/singkreisthal.hobbyseiten.at\/home\/wp-json\/wp\/v2\/media?parent=35"}],"curies":[{"name":"wp","href":"https:\/\/api.w.org\/{rel}","templated":true}]}}